prime factors of p.
19
Let p = 204 + -47. Let m = p + -102. Suppose 4*v - m = -v. List the prime factors of v.
11
Let f = -50 + 73. Let n(m) = -m + 77. List the prime factors of n(f).
2, 3
Let a(w) = -w**3 - 59*w**2 + 54*w + 12. What are the prime factors of a(-60)?
2, 3, 31
Let d be 270/(-36) + 3/2. List the prime factors of 18/12*(-164)/d.
41
Let l(z) = 11*z. Let j be -3 + 0 - (-55)/11. Let g be l(j). Suppose -g = -4*k + 74. List the prime factors of k.
2, 3
Let y be (24/(-18))/(2/(-21)). Let v = y + -12. List the prime factors of v/(-2)*(-258)/6.
43
Let h be 3/9*(-48)/(-4). Suppose 3*y + 5*p + 6 = 227, -y + h*p + 85 = 0. List the prime factors of y.
7, 11
Suppose 0 = -r + 3*r + 8, 5*s = -2*r + 42. What are the prime factors of ((-644)/70)/((-2)/s)?
2, 23
Suppose i - 449 = -5*n + 6*n, 3*n = 4*i - 1791. List the prime factors of i.
2, 3, 37
Let z(m) be the first derivative of 5*m**2 - m - 2. Suppose -2*o - 3*y = 8, -3*o + 0*o + 4*y = -22. List the prime factors of z(o).
19
Let a = -30 + -14. Let m be (-9)/(-3)*a/6. List the prime factors of (-2)/(-11) + (-260)/m.
2, 3
Let t = -491 - -760. What are the prime factors of t?
269
Let j = -1007 + 1301. List the prime factors of j.
2, 3, 7
Let t be 2/7 + (-52)/(-14). Let w(b) = b**3 - 12*b**2 - 17*b - 9. Let k be w(14). What are the prime factors of t/14 - k/(-7)?
3, 7
Suppose r - 1 = 0, 2*y = -14*r + 19*r + 2637. What are the prime factors of y?
1321
Let p be -4 - (-2 - (21 - 4)). Let h = p - -20. What are the prime factors of h?
5, 7
Let m(a) = 2*a**3 - 10*a**2. Let l be m(5). Suppose l*i - 5*i = 2*o - 535, 4*i + 248 = o. List the prime factors of o.
2, 5, 13
Suppose -i - 3 = 0, -3*c = -8*c - 4*i + 8. Suppose -v + 50 = c*v. Suppose 2*f + 4*l = 54 - v, l + 64 = 2*f. What are the prime factors of f?
2, 3, 5
Let a(r) = -3*r. Let c(p) = -1. Suppose -3*v = -0 - 3. Let w(g) = v*a(g) - 2*c(g). What are the prime factors of w(-6)?
2, 5
Suppose -3*c = d - 141, 0*d - 581 = -4*d + 5*c. Let g = -27 + d. Let k = g + -66. What are the prime factors of k?
3, 17
Let k be 4/7*14/4. Suppose -5*w - 4*d - 3 = 0, 0 = 3*w - k*d + 7*d + 7. List the prime factors of 665/30 - w/6.
2, 11
Let k be (-18)/4*(-1804)/(-33). What are the prime factors of (k/10 + -3)/((-6)/15)?
3, 23
Let k(i) = 8*i + 17. Let u be k(-7). What are the prime factors of ((-26)/(-39))/(0 - 1/u)?
2, 13
Suppose 44 - 5 = 2*f + c, 32 = f - 2*c. Let q be 80/44 + 4/f. Suppose -l + 58 = 3*n - 0*n, 2*n - 44 = q*l. What are the prime factors of n?
2, 5
Let z be 1/(3/(-4)*(-4)/354). Let s = z - 13. List the prime factors of s.
3, 5, 7
Let r be 4*1*(1 - 2). Let w = r + 18. What are the prime factors of w?
2, 7
Let f be 74/16 - 6/(-16). Suppose -420 + 35 = -f*v. List the prime factors of v.
7, 11
Let y = -2502 + 3548. List the prime factors of y.
2, 523
Suppose -3*u = 3*n - 2403 - 3423, 0 = -u - 5. What are the prime factors of n?
3, 11, 59
Let h be (-2)/(-4) + (-115)/(-10). Let f be ((-8)/6)/((-4)/h). Suppose f*b - 6*b = 3*c - 39, 2*b - c = 27. List the prime factors of b.
3, 5
What are the prime factors of (((-87280)/8)/(-5))/2?
1091
Let o = 9 + -7. List the prime factors of ((-10)/(-6) - 4)/(o/(-210)).
5, 7
Let l(p) = -37*p + 289. List the prime factors of l(-13).
2, 5, 7, 11
Suppose 7 + 15 = 4*w - 5*j, -3*j + 3 = 3*w. Let p be (1 + 0)/1 + w. Suppose 175 = p*f + 11. List the prime factors of f.
41
Suppose -16*l + 148 = -12*l. Let q be (10/6)/((-4)/(-12)). Let v = l - q. What are the prime factors of v?
2
Suppose -5*r + 3 = k - 7, 5*k - 27 = -2*r. Let m(y) = k + 0*y**2 - 5*y**3 + 7*y**3 - 3 - 3*y**2. What are the prime factors of m(2)?
2, 3
Let s be (-592)/6*(-81)/12. Let w = -376 + s. List the prime factors of w.
2, 5, 29
Suppose 11*d - 14*d + 30 = 0. Let q = -6 + d. Suppose -176 = -q*y - 56. What are the prime factors of y?
2, 3, 5
Let c be (-90)/(-4) - (-3)/2. Suppose 0 = 3*g - 4*f + 11, -f + c = 3*g + 2*f. What are the prime factors of 52 + (0 - g/3)?
3, 17
Suppose 0 = -2*v - 2*d + 76, -78 = v - 3*v - 4*d. Suppose 141 = 5*q + 2*b, 4*q - 5*q = -4*b - v. Let z = 75 - q. What are the prime factors of z?
2, 23
Suppose 185*k - 188*k = -11349. List the prime factors of k.
3, 13, 97
Let n(g) = 5*g**3 - 3*g**2 + 23*g - 7. List the prime factors of n(6).
1103
Suppose 4*x = 2*u - 1206, -5*u + x + 2892 + 105 = 0. What are the prime factors of u?
599
Let w(s) = 3*s**2 + 7*s - 8. Let p = -36 - -30. List the prime factors of w(p).
2, 29
Let f(t) = 3*t**3 + t**2 + 2*t - 2. Let o be f(1). Suppose -15 = -l + 8*c - 3*c, -3*c + 60 = o*l. List the prime factors of l.
3, 5
Let a = -17 + 18. Let b be 3 - a - 51 - 2. List the prime factors of (b/(-12))/(6/24).
17
Suppose -y + 0*y + z - 1 = 0, 1 = -4*y + z. Suppose -n = -4*l - y*l - 47, -4*n = 4*l - 228. What are the prime factors of n?
5, 11
Let t(j) = -10*j**3 - j**2. Let u be t(1). Let k = -26 - -26. List the prime factors of (k/(-1) + -1)*u.
11
Let s be (2/2)/(5/10) - -200. Suppose 4*t + n = 163, -5*t + s + 10 = 4*n. List the prime factors of t.
2, 5
Suppose o - 5*o - 3*k + 3557 = 0, 0 = 3*o - k - 2658. List the prime factors of o.
887
Let z be (-1 + (-126)/(-24))*4. Suppose 0 = 2*f + 23 + 3. Let b = z + f. List the prime factors of b.
2
Let u = 625 + 124. List the prime factors of u.
7, 107
Let t(m) be the first derivative of -63*m**2 - 21*m - 14. What are the prime factors of t(-2)?
3, 7, 11
Suppose -5*b + 4*f + 2 = 0, -2*b + 3*f + 2 = 2*b. Suppose 5*s + 20 = 5*k, -b = 2*k - 8. What are the prime factors of (-2)/(-1) + 30 + s?
31
Suppose -x - 5*m + 14 = -7*m, -5*m = -2*x + 33. Suppose 492 = 5*u + d, -x*u + 2*d = -247 - 141. What are the prime factors of u?
2, 7
Let n(c) = 806*c**2 + 6*c + 5. Let f be n(-1). Suppose 4*o = -o - g + 1030, 3*g = 4*o - f. What are the prime factors of o?
5, 41
Let t(q) = q**3 + 3*q**2 - 5*q - 2. Let p be t(-4). Suppose -42 = -p*d + 3*k, 4*d + k + k = 68. List the prime factors of d/2 + -3 + 2.
2
Suppose -8*v + 6052 = 9*v. List the prime factors of v.
2, 89
What are the prime factors of 4314 + (-126)/(-24) + 2/(-8)?
7, 617
Suppose -3*o - 206 + 1145 = 0. What are the prime factors of o?
313
Let y(u) = 20*u**3 - 12*u**2 + 19*u + 2. Let f be y(2). Let d = 129 + -32. Let n = f - d. List the prime factors of n.
5, 11
List the prime factors of 486 - (63/(-7) - -8).
487
Suppose -10290 = -107*v + 93*v. What are the prime factors of v?
3, 5, 7
Let b = 4042 + -2861. List the prime factors of b.
1181
Let y(q) = q**2 - 8. Let h be y(6). Let l = h + 30. Let i = l + -29. What are the prime factors of i?
29
Let y = 10 + -3. Suppose -d = -4*l + 1022, -3*d + 6 + 0 = 0. Suppose -l = 3*c - y*c. What are the prime factors of c?
2
Let k(i) = -i**2 + 6*i + 5. Let f = 7 - 0. Let p be k(f). Let o(q) = -6*q + 2. What are the prime factors of o(p)?
2, 7
Suppose w = -7*s + 5*s + 876, -1 = -s. List the prime factors of w.
2, 19, 23
Suppose 2*q + 3*g = 455, -g + 9 = 2*g. List the prime factors of q.
223
Let s(u) = -4*u + 1. Let g(z) = 1. Let y(j) = -2*g(j) - s(j). What are the prime factors of y(2)?
5
Let k(d) = -128*d**3 + d**2 - 1. Let i = -10 - -9. Let b be k(i). Suppose 4*y + 241 + 35 = 4*l, -3*y = 2*l - b. What are the prime factors of l?
67
Suppose -5*k = -3*c - 7607, -20*c + 4561 = 3*k - 21*c. List the prime factors of k.
7, 31
Let i(w) = -185*w - 21. Let n be i(-2). Suppose -12*m = -n - 467. List the prime factors of m.
2, 17
Suppose -32*f + 35*f + 5*j - 319 = 0, 402 = 4*f + 2*j. List the prime factors of f.
2, 7
Let u = 196 - -7. List the prime factors of u.
7, 29
Suppose 0 = -5*p - 4*m + 10, p + 0*m - 3*m - 21 = 0. List the prime factors of p/(-15) + 808/20.
2, 5
List the prime factors of 97344/(-160)*10/(-6).
2, 3, 13
Suppose 3*k = -0*k - 489. Let u = 246 + k. Let g = u - 55. List the prime factors of g.
2, 7
Let p(q) be the second derivative of 7*q**3/6 - q**2 - 19*q. Let a = 2 - -1. List the prime factors of p(a).
19
Suppose 4*l - 29 = -p, 5*l - p - 5 = 4*p. List the prime factors of (-129)/(-6)*4 - (7 - l).
5, 17
Suppose 5*o - 1834 = 116. Suppose 0 = -5*k - 0*k + o. List the prime factors of k.
2, 3, 13
Let o(b) = 7*b**2 - 19*b - 78. List the prime factors of o(-8).
2, 3, 29
Suppose 116*v = 109*v + 1463. List the prime factors of v.
11, 19
Suppose -2*g + 264 = 2*g. Let n be ((-2)/4)/((-3)/g). Suppose n + 61